{"id":1163,"date":"2020-12-20T09:40:57","date_gmt":"2020-12-20T08:40:57","guid":{"rendered":"https:\/\/geschenke.blogseite.com\/?post_type=product&#038;p=1163"},"modified":"2022-04-05T20:24:52","modified_gmt":"2022-04-05T18:24:52","slug":"jade-roller-gesichtsroller-fuer-anti-aging-%f0%9f%92%81%f0%9f%8f%bc%e2%80%8d%e2%99%80%ef%b8%8f","status":"publish","type":"product","link":"https:\/\/www.blogseite.com\/geschenke\/s\/jade-roller-gesichtsroller-fuer-anti-aging-%f0%9f%92%81%f0%9f%8f%bc%e2%80%8d%e2%99%80%ef%b8%8f\/","title":{"rendered":"Jade Roller Gesichtsroller f\u00fcr Anti Aging \ud83d\udc81\ud83c\udffc\u200d\u2640\ufe0f"},"content":{"rendered":"<ul class=\"a-unordered-list a-vertical a-spacing-mini\">\n<li><span class=\"a-list-item\">\u2764\ufe0fEMOCCI-autorisierte L\u00e4den sind: COS-ME und JAASON, bitte kaufen Sie sie nicht in anderen L\u00e4den, es handelt sich um eine gef\u00e4lschte Ware,Sie erhalten<\/span><\/li>\n<li><span class=\"a-list-item\">\u2764\ufe0fErstaunliche physikalische Therapieeffekte: Der Jadestein enth\u00e4lt Selen, Zink, Nickel, Kobalt, Mangan, Magnesium, Calcium und andere mehr als 30 Arten von Spurenelementen, die Ihrem K\u00f6rper zugute kommen. Er verwendet Nacken, Gesicht, R\u00fccken, Kinn, Hand, Arm, Taille, Kopfhaut und F\u00fc\u00dfe, hilft nicht nur dabei, die Hautfarbe zu verbessern, Poren zu straffen, sondern auch die Augen zu reduzieren.<\/span><\/li>\n<li><span class=\"a-list-item\">\u2764\ufe0fEinzigartige Vorteile von Gua Sha: Verwenden Sie das kratzende Massageger\u00e4t und \u00e4therische \u00d6le, um Schultern, Nacken, Muskeln, Arme, K\u00f6rper zu massieren und dann hilft es Ihnen, die Durchblutung zu f\u00f6rdern und Giftstoffe zu beseitigen.<\/span><\/li>\n<li><span class=\"a-list-item\">\u2764\ufe0fUmweltfreundliche Materialien und einzigartiges Design: Um das Abrollen der Jade zu vermeiden, verwenden wir ein einzigartiges Zinklegierungsmaterial, nicht nur hart und gl\u00e4nzend, Sie m\u00fcssen sich keine Sorgen machen, dass Ihre Jade Roller auseinanderf\u00e4llt. Es hat einen super glatten Roll-Effekt und kann die beste Wirkung erzielen. Au\u00dferdem ist sie nicht sch\u00e4dlich f\u00fcr die Haut und die Umwelt.<\/span><\/li>\n<li><span class=\"a-list-item\">\u2764\ufe0fGeschenkwahl: Ob Geburtstag, Muttertag oder Hochzeitstag, Weihnachtsgeschenk, ob es f\u00fcr Mutter oder Frau ist, die Gesichtswalze Anti-Aging muss das perfekte Geschenk sein, um sie jung und sch\u00f6n zu halten, Das ist ein sch\u00f6nes Geschenk zum Valentinstag<\/span><\/li>\n<\/ul>\n","protected":false},"excerpt":{"rendered":"<p>\u2764\ufe0fEMOCCI-autorisierte L\u00e4den sind: COS-ME und JAASON, bitte kaufen Sie sie nicht in anderen L\u00e4den, es handelt sich um eine gef\u00e4lschte Ware,Sie erhalten \u2764\ufe0fErstaunliche physikalische Therapieeffekte: Der Jadestein enth\u00e4lt Selen, Zink, Nickel, Kobalt, Mangan, Magnesium, Calcium und andere mehr als 30 Arten von Spurenelementen, die Ihrem K\u00f6rper zugute kommen. Er verwendet Nacken, Gesicht, R\u00fccken, Kinn, Hand, [&hellip;]<\/p>\n","protected":false},"featured_media":1164,"comment_status":"open","ping_status":"closed","template":"","meta":[],"product_cat":[78,116,63,53,45,73,280,55,426,431,301,70,294,296,298],"product_tag":[599,208],"class_list":{"0":"post-1163","1":"product","2":"type-product","3":"status-publish","4":"has-post-thumbnail","6":"product_cat-weihnachtsgeschenke","7":"product_cat-frauen","8":"product_cat-mutter","9":"product_cat-muttertag","10":"product_cat-freundin","11":"product_cat-beste-freundin","12":"product_cat-geburtstagsgeschenke","13":"product_cat-valentinstag","14":"product_cat-nach-preis","15":"product_cat-unter-50-euro","16":"product_cat-eltern","17":"product_cat-geschenke-fuer-jeden-anlass","18":"product_cat--schwester","19":"product_cat--schwiegermutter","20":"product_cat--ehefrau","21":"product_tag-anti-aging","22":"product_tag-geschenk-fuer-jeden-anlass","24":"first","25":"instock","26":"shipping-taxable","27":"product-type-external"},"_links":{"self":[{"href":"https:\/\/www.blogseite.com\/geschenke\/wp-json\/wp\/v2\/product\/1163"}],"collection":[{"href":"https:\/\/www.blogseite.com\/geschenke\/wp-json\/wp\/v2\/product"}],"about":[{"href":"https:\/\/www.blogseite.com\/geschenke\/wp-json\/wp\/v2\/types\/product"}],"replies":[{"embeddable":true,"href":"https:\/\/www.blogseite.com\/geschenke\/wp-json\/wp\/v2\/comments?post=1163"}],"wp:featuredmedia":[{"embeddable":true,"href":"https:\/\/www.blogseite.com\/geschenke\/wp-json\/wp\/v2\/media\/1164"}],"wp:attachment":[{"href":"https:\/\/www.blogseite.com\/geschenke\/wp-json\/wp\/v2\/media?parent=1163"}],"wp:term":[{"taxonomy":"product_cat","embeddable":true,"href":"https:\/\/www.blogseite.com\/geschenke\/wp-json\/wp\/v2\/product_cat?post=1163"},{"taxonomy":"product_tag","embeddable":true,"href":"https:\/\/www.blogseite.com\/geschenke\/wp-json\/wp\/v2\/product_tag?post=1163"}],"curies":[{"name":"wp","href":"https:\/\/api.w.org\/{rel}","templated":true}]}}