{"id":1138,"date":"2020-12-18T18:45:28","date_gmt":"2020-12-18T17:45:28","guid":{"rendered":"https:\/\/geschenke.blogseite.com\/?post_type=product&#038;p=1138"},"modified":"2022-04-05T20:28:58","modified_gmt":"2022-04-05T18:28:58","slug":"trinkbrunnen-fuer-hunde-und-katzen-%f0%9f%92%a7%f0%9f%90%b6%f0%9f%90%b1","status":"publish","type":"product","link":"https:\/\/www.blogseite.com\/geschenke\/s\/trinkbrunnen-fuer-hunde-und-katzen-%f0%9f%92%a7%f0%9f%90%b6%f0%9f%90%b1\/","title":{"rendered":"Trinkbrunnen f\u00fcr Hunde und Katzen \ud83d\udca7\ud83d\udc36\ud83d\udc31"},"content":{"rendered":"<ul class=\"a-unordered-list a-vertical a-spacing-mini\">\n<li><span class=\"a-list-item\">Katzenspielzeug Set\u3011: Es gibt insgesamt <strong>31 verschiedene Katzenspielzeuge<\/strong>, einschlie\u00dflich Katzentunnel, Mausspielzeug, Spielzeugfisch, Spielzeugball, Glocke und andere verschiedene Spielzeuge.<\/span><\/li>\n<li><span class=\"a-list-item\">\u3010Sicherheit und Umweltschutz\u3011: Jedes Spielzeug besteht aus nat\u00fcrlichem Holz, Sisal, elastischem Material und Federn. Es ist gesund und harmlos f\u00fcr Katzen. Katzen k\u00f6nnen mit Zuversicht spielen.<\/span><\/li>\n<li><span class=\"a-list-item\">\u3010Das beste Katzenspielzeug\u3011: Die Prototypen aller Spielzeuge sind Dinge, an denen Katzen interessiert sind. Ihre Katzen werden gl\u00fccklich sein, wenn sie mit ihnen interagieren und ihren Jagdinstinkt ausl\u00f6sen.<\/span><\/li>\n<li><span class=\"a-list-item\">\u3010Spa\u00df und Haltbarkeit\u3011: Mit sch\u00f6nen Federn und lauten Glocken wird die Katze fasziniert sein. Das Sisal Katzenspielzeug kann die Katze schleifen lassen und nicht leicht besch\u00e4digen. Lassen Sie Ihre Haustiere nicht aufh\u00f6ren, den Spa\u00df an Spielzeug zu spielen.<\/span><\/li>\n<li><span class=\"a-list-item\">\u3010Garantie\u3011: Wenn Sie irgendwelche Fragen haben, wenden Sie sich bitte an uns, AILUKI bietet 100% Zufriedenheitsgarantie &#8211; andernfalls R\u00fcckerstattung sofort.<\/span><\/li>\n<\/ul>\n","protected":false},"excerpt":{"rendered":"<p>Katzenspielzeug Set\u3011: Es gibt insgesamt 31 verschiedene Katzenspielzeuge, einschlie\u00dflich Katzentunnel, Mausspielzeug, Spielzeugfisch, Spielzeugball, Glocke und andere verschiedene Spielzeuge. \u3010Sicherheit und Umweltschutz\u3011: Jedes Spielzeug besteht aus nat\u00fcrlichem Holz, Sisal, elastischem Material und Federn. Es ist gesund und harmlos f\u00fcr Katzen. Katzen k\u00f6nnen mit Zuversicht spielen. \u3010Das beste Katzenspielzeug\u3011: Die Prototypen aller Spielzeuge sind Dinge, an denen [&hellip;]<\/p>\n","protected":false},"featured_media":1139,"comment_status":"open","ping_status":"closed","template":"","meta":[],"product_cat":[227,426,431],"product_tag":[229,259,228,604],"class_list":{"0":"post-1138","1":"product","2":"type-product","3":"status-publish","4":"has-post-thumbnail","6":"product_cat-tiere","7":"product_cat-nach-preis","8":"product_cat-unter-50-euro","9":"product_tag-geschenk-fuer-hunde","10":"product_tag-geschenk-fuer-katzen","11":"product_tag-geschenk-fuer-tiere","12":"product_tag-trinkbrunnen","14":"first","15":"instock","16":"shipping-taxable","17":"product-type-external"},"_links":{"self":[{"href":"https:\/\/www.blogseite.com\/geschenke\/wp-json\/wp\/v2\/product\/1138"}],"collection":[{"href":"https:\/\/www.blogseite.com\/geschenke\/wp-json\/wp\/v2\/product"}],"about":[{"href":"https:\/\/www.blogseite.com\/geschenke\/wp-json\/wp\/v2\/types\/product"}],"replies":[{"embeddable":true,"href":"https:\/\/www.blogseite.com\/geschenke\/wp-json\/wp\/v2\/comments?post=1138"}],"wp:featuredmedia":[{"embeddable":true,"href":"https:\/\/www.blogseite.com\/geschenke\/wp-json\/wp\/v2\/media\/1139"}],"wp:attachment":[{"href":"https:\/\/www.blogseite.com\/geschenke\/wp-json\/wp\/v2\/media?parent=1138"}],"wp:term":[{"taxonomy":"product_cat","embeddable":true,"href":"https:\/\/www.blogseite.com\/geschenke\/wp-json\/wp\/v2\/product_cat?post=1138"},{"taxonomy":"product_tag","embeddable":true,"href":"https:\/\/www.blogseite.com\/geschenke\/wp-json\/wp\/v2\/product_tag?post=1138"}],"curies":[{"name":"wp","href":"https:\/\/api.w.org\/{rel}","templated":true}]}}