{"id":1127,"date":"2020-12-18T18:20:14","date_gmt":"2020-12-18T17:20:14","guid":{"rendered":"https:\/\/geschenke.blogseite.com\/?post_type=product&#038;p=1127"},"modified":"2022-04-18T12:46:27","modified_gmt":"2022-04-18T10:46:27","slug":"damen-brusttasche-bauchtasche-crossbody-tasche-%f0%9f%a5%b0","status":"publish","type":"product","link":"https:\/\/www.blogseite.com\/geschenke\/s\/damen-brusttasche-bauchtasche-crossbody-tasche-%f0%9f%a5%b0\/","title":{"rendered":"Damen Brusttasche Bauchtasche Crossbody Tasche \ud83e\udd70"},"content":{"rendered":"<ul class=\"a-unordered-list a-vertical a-spacing-mini\">\n<li><span class=\"a-list-item\">\u273fHOCHWERTIGES NYLON\u273f Wasserabweisender H\u00fcfttasche f\u00fcr Reisen und Alltag Sie besteht aus Nylon das nicht nur extrem robust ist, sondern auch absolut Wasserabweise<\/span><\/li>\n<li><span class=\"a-list-item\">\u273fEINFACHES EINSTELLEN\u273fDie G\u00fcrtel lassen sich leicht auf die gew\u00fcnschte L\u00e4nge einstellen. Der H\u00fcftgurt bieten 40 cm einstellbar, Mindestl\u00e4nge: 81cm. Max L\u00e4nge: 121cm.<\/span><\/li>\n<li><span class=\"a-list-item\">\u273fDURCHDACHTE F\u00c4CHERAUFTEILUNG\u273f Mehrere Taschen halten Ihre Gegenst\u00e4nde getrennt und organisiert, wie Handy, Schl\u00fcssel, Kopfh\u00f6rer, Desinfektionst\u00fccher und Desinfektionsspray,Tickets, Personalausweis, Kreditkarte.Die Haupttasche ist gro\u00df genug f\u00fcr ein 7,9&#8243; Bildschirm iPad<\/span><\/li>\n<li><span class=\"a-list-item\">\u273f3 TRAGEM\u00d6GLICHKEITEN\u273f Tasche mit Verstellbarer Crossbody G\u00fcrtel kann alternativ auch als Bauchtasche, Handytasche, Brusttasche und Umh\u00e4nge- oder Schultertasche getragen werden<\/span><\/li>\n<li><span class=\"a-list-item\">\u273fUNIQUE DESIGN\u273f Das Tasche Material ist leicht gl\u00e4nzend und L\u00e4sst sich aber auch mit schicken Outfits kombinieren. Mode H\u00fcfttasche ist auch eine ideale Erg\u00e4nzung f\u00fcr Sie, um Ihren t\u00e4glichen Stil zu kreieren und an jedem Anlass teilzunehmen<\/span><\/li>\n<\/ul>\n","protected":false},"excerpt":{"rendered":"<p>\u273fHOCHWERTIGES NYLON\u273f Wasserabweisender H\u00fcfttasche f\u00fcr Reisen und Alltag Sie besteht aus Nylon das nicht nur extrem robust ist, sondern auch absolut Wasserabweise \u273fEINFACHES EINSTELLEN\u273fDie G\u00fcrtel lassen sich leicht auf die gew\u00fcnschte L\u00e4nge einstellen. Der H\u00fcftgurt bieten 40 cm einstellbar, Mindestl\u00e4nge: 81cm. Max L\u00e4nge: 121cm. \u273fDURCHDACHTE F\u00c4CHERAUFTEILUNG\u273f Mehrere Taschen halten Ihre Gegenst\u00e4nde getrennt und organisiert, wie [&hellip;]<\/p>\n","protected":false},"featured_media":1128,"comment_status":"open","ping_status":"closed","template":"","meta":[],"product_cat":[78,103,116,45,73,280,426,431,70,297,294,296,298],"product_tag":[606,82,118,117,92],"class_list":{"0":"post-1127","1":"product","2":"type-product","3":"status-publish","4":"has-post-thumbnail","6":"product_cat-weihnachtsgeschenke","7":"product_cat-studenten","8":"product_cat-frauen","9":"product_cat-freundin","10":"product_cat-beste-freundin","11":"product_cat-geburtstagsgeschenke","12":"product_cat-nach-preis","13":"product_cat-unter-50-euro","14":"product_cat-geschenke-fuer-jeden-anlass","15":"product_cat--maedchen","16":"product_cat--schwester","17":"product_cat--schwiegermutter","18":"product_cat--ehefrau","19":"product_tag-frauen-bauchtasche","20":"product_tag-geburtstagsgeschenk","21":"product_tag-geschenk-fuer-bratina","22":"product_tag-geschenk-fuer-ehrenfrau","23":"product_tag-geschenk-fuer-freundin","25":"first","26":"instock","27":"shipping-taxable","28":"product-type-external"},"_links":{"self":[{"href":"https:\/\/www.blogseite.com\/geschenke\/wp-json\/wp\/v2\/product\/1127"}],"collection":[{"href":"https:\/\/www.blogseite.com\/geschenke\/wp-json\/wp\/v2\/product"}],"about":[{"href":"https:\/\/www.blogseite.com\/geschenke\/wp-json\/wp\/v2\/types\/product"}],"replies":[{"embeddable":true,"href":"https:\/\/www.blogseite.com\/geschenke\/wp-json\/wp\/v2\/comments?post=1127"}],"wp:featuredmedia":[{"embeddable":true,"href":"https:\/\/www.blogseite.com\/geschenke\/wp-json\/wp\/v2\/media\/1128"}],"wp:attachment":[{"href":"https:\/\/www.blogseite.com\/geschenke\/wp-json\/wp\/v2\/media?parent=1127"}],"wp:term":[{"taxonomy":"product_cat","embeddable":true,"href":"https:\/\/www.blogseite.com\/geschenke\/wp-json\/wp\/v2\/product_cat?post=1127"},{"taxonomy":"product_tag","embeddable":true,"href":"https:\/\/www.blogseite.com\/geschenke\/wp-json\/wp\/v2\/product_tag?post=1127"}],"curies":[{"name":"wp","href":"https:\/\/api.w.org\/{rel}","templated":true}]}}