{"id":11021,"date":"2024-11-04T20:08:46","date_gmt":"2024-11-04T19:08:46","guid":{"rendered":"https:\/\/www.blogseite.com\/geschenke\/s\/led-sternenhimmel-projektor-galaxy-planetarium-mit-fernbedienung-nachtlicht-polarlicht-mit-bluetooth-lautsprecher-aurora-effekten-weisses-rauschen-und-sternen-fuer-kinder-erwachsene-deko\/"},"modified":"2024-11-04T20:12:33","modified_gmt":"2024-11-04T19:12:33","slug":"led-sternenhimmel-projektor-galaxy-planetarium-mit-fernbedienung-nachtlicht-polarlicht-mit-bluetooth-lautsprecher-aurora-effekten-weisses-rauschen-und-sternen-fuer-kinder-erwachsene-deko","status":"publish","type":"product","link":"https:\/\/www.blogseite.com\/geschenke\/s\/led-sternenhimmel-projektor-galaxy-planetarium-mit-fernbedienung-nachtlicht-polarlicht-mit-bluetooth-lautsprecher-aurora-effekten-weisses-rauschen-und-sternen-fuer-kinder-erwachsene-deko\/","title":{"rendered":"LED Sternenhimmel Projektor, Galaxy Planetarium mit Fernbedienung"},"content":{"rendered":"<div id=\"feature-bullets\" class=\"a-section a-spacing-medium a-spacing-top-small\">\n<hr \/>\n<h1 class=\"a-size-base-plus a-text-bold\">Info zu diesem Artikel<\/h1>\n<ul class=\"a-unordered-list a-vertical a-spacing-mini\">\n<li class=\"a-spacing-mini\"><span class=\"a-list-item\"> \u3010Deko-Dino-Ei\u3011Dank des ausgekl\u00fcgelten Designs sieht diese Lampe aus wie ein Dinosaurier-Ei, das Licht schie\u00dft aus dem Rissmuster heraus, als ob das Licht des Lebens erbl\u00fche und beschert den Menschen eine Art Tr\u00e4umerei: Der kleine Dinosaurier im Inneren platzt gleich aus seinem H\u00fclse! <\/span><\/li>\n<li class=\"a-spacing-mini\"><span class=\"a-list-item\"> \u3010Sternenhimmel+Polarlichter\u3011Die Projektionsansicht des Polarlicht Projektor bietet 14 Farben-Kombination (Bestehend aus vier Farben: Gr\u00fcn, Rot, Blau, Wei\u00df), unterst\u00fctzt nicht nur einfarbig, zweifarbig und dreifarbige Aurora-Effekten am, sondern auch k\u00f6nnen den Himmel voller Sterne in den Raum bringen, damit sich die Leute wie vor Ort f\u00fchlen. <\/span><\/li>\n<li class=\"a-spacing-mini\"><span class=\"a-list-item\"> \u301019 Beruhigende wei\u00dfes Rauschen\u3011Diese Einschlafhilfe spielt die Ger\u00e4usche in Hifi Klangqualit\u00e4t. Es gibt 19 Naturger\u00e4usche und beruhigende Ger\u00e4usche (Vogelgesang, Sanfter Regen, Donner und Regen, flie\u00dfendes Wasser, tropfendes Wasser, Zug, Fr\u00f6schen und etc.). Mit dem Timer k\u00f6nnen Sie 1 Stunde oder 2 Stunden einstellen und schaltet sich damals automatisch aus. Ideal f\u00fcr Erwachsene und Kinder zum entspannten Einschlafen. <\/span><\/li>\n<li class=\"a-spacing-mini\"><span class=\"a-list-item\"> \u3010Mit der Fernbedienung\u3011Man kann den gr\u00fcnen Sternen und Lampe der Aurora super einfach an- oder abschalten. F\u00fcr Aurora-Projektor kann man verscheiedene Farben und Geschwindigkeitsstufen w\u00e4hlen. Es lassen sich aber auch Modis anw\u00e4hlen, die Farben abwechselnd leicht aufblinken lassen. Alle Kombinationen aus Sternen und Auroramodus sind erreichabr auf der Fernbedienung! Batterien (2 AAA) f\u00fcr Fernbedienung sind nicht im Lieferumfang enthalten. <\/span><\/li>\n<li class=\"a-spacing-mini\"><span class=\"a-list-item\"> \u3010Bluetooth-Lautsprecher\u3011Verbinden Sie Bluetooth(Name: HJ-XKD08), um einfach hochwertige Bluetooth-Lautsprecher zu verwenden. Verwenden Sie es, um Musik zu h\u00f6ren, Sie k\u00f6nnen auch den Rhythmusmodus einschalten, das Licht mit dem Rhythmus der Musik tanzen lassen. der Glalaxy Projektor hat einen USB-C Stromanschluss. <\/span><\/li>\n<\/ul>\n<p>&nbsp;<\/p>\n<\/div>\n","protected":false},"excerpt":{"rendered":"<p>Info zu diesem Artikel \u3010Deko-Dino-Ei\u3011Dank des ausgekl\u00fcgelten Designs sieht diese Lampe aus wie ein Dinosaurier-Ei, das Licht schie\u00dft aus dem Rissmuster heraus, als ob das Licht des Lebens erbl\u00fche und beschert den Menschen eine Art Tr\u00e4umerei: Der kleine Dinosaurier im Inneren platzt gleich aus seinem H\u00fclse! \u3010Sternenhimmel+Polarlichter\u3011Die Projektionsansicht des Polarlicht Projektor bietet 14 Farben-Kombination (Bestehend [&hellip;]<\/p>\n","protected":false},"featured_media":11020,"comment_status":"open","ping_status":"closed","template":"","meta":[],"product_cat":[814,78,301,292,300,302,70,297,299,295],"product_tag":[],"class_list":{"0":"post-11021","1":"product","2":"type-product","3":"status-publish","4":"has-post-thumbnail","6":"product_cat-zuhause","7":"product_cat-weihnachtsgeschenke","8":"product_cat-eltern","9":"product_cat-sohn","10":"product_cat--kollege","11":"product_cat--jungen","12":"product_cat-geschenke-fuer-jeden-anlass","13":"product_cat--maedchen","14":"product_cat--chef","15":"product_cat--tochter","17":"first","18":"instock","19":"shipping-taxable","20":"product-type-external"},"_links":{"self":[{"href":"https:\/\/www.blogseite.com\/geschenke\/wp-json\/wp\/v2\/product\/11021"}],"collection":[{"href":"https:\/\/www.blogseite.com\/geschenke\/wp-json\/wp\/v2\/product"}],"about":[{"href":"https:\/\/www.blogseite.com\/geschenke\/wp-json\/wp\/v2\/types\/product"}],"replies":[{"embeddable":true,"href":"https:\/\/www.blogseite.com\/geschenke\/wp-json\/wp\/v2\/comments?post=11021"}],"wp:featuredmedia":[{"embeddable":true,"href":"https:\/\/www.blogseite.com\/geschenke\/wp-json\/wp\/v2\/media\/11020"}],"wp:attachment":[{"href":"https:\/\/www.blogseite.com\/geschenke\/wp-json\/wp\/v2\/media?parent=11021"}],"wp:term":[{"taxonomy":"product_cat","embeddable":true,"href":"https:\/\/www.blogseite.com\/geschenke\/wp-json\/wp\/v2\/product_cat?post=11021"},{"taxonomy":"product_tag","embeddable":true,"href":"https:\/\/www.blogseite.com\/geschenke\/wp-json\/wp\/v2\/product_tag?post=11021"}],"curies":[{"name":"wp","href":"https:\/\/api.w.org\/{rel}","templated":true}]}}