{"id":10970,"date":"2024-11-01T19:23:17","date_gmt":"2024-11-01T18:23:17","guid":{"rendered":"https:\/\/www.blogseite.com\/geschenke\/s\/antimi-fahrradleuchten-set-stvzo-zugelassen-beleuchtungsset-led-ipx5-frontlicht-ruecklicht-fahrradlicht-set-usb-typ-c\/"},"modified":"2024-11-01T19:25:05","modified_gmt":"2024-11-01T18:25:05","slug":"antimi-fahrradleuchten-set-stvzo-zugelassen-beleuchtungsset-led-ipx5-frontlicht-ruecklicht-fahrradlicht-set-usb-typ-c","status":"publish","type":"product","link":"https:\/\/www.blogseite.com\/geschenke\/s\/antimi-fahrradleuchten-set-stvzo-zugelassen-beleuchtungsset-led-ipx5-frontlicht-ruecklicht-fahrradlicht-set-usb-typ-c\/","title":{"rendered":"Antimi Fahrradleuchten-Set, StVZO-zugelassen Beleuchtungsset Led IPX5"},"content":{"rendered":"<div id=\"feature-bullets\" class=\"a-section a-spacing-medium a-spacing-top-small\">\n<hr \/>\n<h1 class=\"a-size-base-plus a-text-bold\">Info zu diesem Artikel<\/h1>\n<ul class=\"a-unordered-list a-vertical a-spacing-mini\">\n<li class=\"a-spacing-mini\"><span class=\"a-list-item\"> [Usb aufladbar und USB C Kabel]: Usb-aufladbar-fahrradlicht Set, Kein m\u00fchsamer Batteriewechsel! Der eine Laufzeit von bis zu 2.2\u20136 Stunden gew\u00e4hrleisten kan! wir jederzeit und \u00fcberall USB-Aufladung nutzen k\u00f6nnen. Egal, ob es an einen angeschlossen ist PC, eine Steckdose oder eine Powerbank! <\/span><\/li>\n<li class=\"a-spacing-mini\"><span class=\"a-list-item\"> [Mini-Gr\u00f6\u00dfe, l\u00e4ngere Standby-Zeit]: Scheinwerfers: 1.8inch*1.8inch*1.17inch, R\u00fccklichts: 1.84inch*1.75inch*1.55inch, das Gewicht betr\u00e4gt 40 g, leicht zu tragen, kann als Taschenlampe verwendet werden. <\/span><\/li>\n<li class=\"a-spacing-mini\"><span class=\"a-list-item\"> [3 LICHT MODI]: 3 Modi f\u00fcr die Frontbeleuchtung: superhell-mittelhell-aus. Wenn die Batterieleistung zu niedrig ist, leuchtet die Anzeigeleuchte durchgehend rot. <\/span><\/li>\n<li class=\"a-spacing-mini\"><span class=\"a-list-item\"> [360\u00b0 Fahrsicherheit]: Die R\u00fcckleuchten mit 220\u00b0-Weitwinkelausleuchtung strahlen auch zur Seite und sorgen mit einem 360\u00b0-Blickwinkel f\u00fcr zus\u00e4tzliche Fahrsicherheit. <\/span><\/li>\n<li class=\"a-spacing-mini\"><span class=\"a-list-item\"> [IPX5 wasserdicht]: Wir k\u00f6nnen bei jedem Sturm sicher fahren. Sie k\u00f6nnen an regnerischen Tagen, in dunklen N\u00e4chten und bei allen Gelegenheiten klare Sicht genie\u00dfen. Beim Waschen des Fahrrads muss das Fahrradlicht nicht entfernt werden. <\/span><\/li>\n<li class=\"a-spacing-mini\"><span class=\"a-list-item\"> [Multifunktion]: Sie kann auch als Taschenlampe verwendet werden. Dieses fahrradlichter eignet sich f\u00fcr alle Arten von Fahrr\u00e4dern wie mtb mountainbike, rennrad licht f\u00fcr Erwachsene und Kinder. Es k\u00f6nnte auch als verwendet werden helmlampe, roller licht kinder, rucksack licht etc. <\/span><\/li>\n<li class=\"a-spacing-mini\"><span class=\"a-list-item\"> [LED-Lampenperlen]: um das beste Gleichgewicht zwischen Lichtintensit\u00e4t und Energieverbrauch zu gew\u00e4hrleisten und die Qualit\u00e4t der Lichtquelle sicherzustellen. <\/span><\/li>\n<\/ul>\n<p><!-- Loading EDP related metadata --><\/p>\n<div class=\"a-row a-expander-container a-expander-inline-container\">\n<div class=\"a-expander-content a-expander-extend-content\" data-expanded=\"false\">\n<ul class=\"a-unordered-list a-vertical a-spacing-none\">\n<li class=\"a-spacing-mini\"><span class=\"a-list-item\">[Blendfrei und Seitenlichtdesign]: Das Antimi-Fahrradlicht bietet eine Sichtweite von bis zu 200 m, blendet entgegenkommende Fu\u00dfg\u00e4nger\/Radfahrer nicht und bietet Ihnen ausreichend Sicherheit. Der Fahrer neben Ihnen kann Sie leichter sehen und die Fahrsicherheit verbessern!<\/span><\/li>\n<li class=\"a-spacing-mini\"><span class=\"a-list-item\">[Einfache Installation]: Das Fahrradlichtset l\u00e4sst sich ganz einfach und ohne Werkzeug zusammenbauen. Die Lenkerhalterung ist f\u00fcr fast alle Lenker mit einem Durchmesser von 22~32 mm geeignet. Durch die mitgelieferten Gummistreifen ist es sehr stabil und wackelt \u00fcberhaupt nicht.<\/span><\/li>\n<\/ul>\n<\/div>\n<\/div>\n<\/div>\n","protected":false},"excerpt":{"rendered":"<p>Info zu diesem Artikel [Usb aufladbar und USB C Kabel]: Usb-aufladbar-fahrradlicht Set, Kein m\u00fchsamer Batteriewechsel! Der eine Laufzeit von bis zu 2.2\u20136 Stunden gew\u00e4hrleisten kan! wir jederzeit und \u00fcberall USB-Aufladung nutzen k\u00f6nnen. Egal, ob es an einen angeschlossen ist PC, eine Steckdose oder eine Powerbank! [Mini-Gr\u00f6\u00dfe, l\u00e4ngere Standby-Zeit]: Scheinwerfers: 1.8inch*1.8inch*1.17inch, R\u00fccklichts: 1.84inch*1.75inch*1.55inch, das Gewicht betr\u00e4gt [&hellip;]<\/p>\n","protected":false},"featured_media":10969,"comment_status":"open","ping_status":"closed","template":"","meta":[],"product_cat":[45,108,73],"product_tag":[],"class_list":{"0":"post-10970","1":"product","2":"type-product","3":"status-publish","4":"has-post-thumbnail","6":"product_cat-freundin","7":"product_cat-maenner","8":"product_cat-beste-freundin","10":"first","11":"instock","12":"shipping-taxable","13":"product-type-external"},"_links":{"self":[{"href":"https:\/\/www.blogseite.com\/geschenke\/wp-json\/wp\/v2\/product\/10970"}],"collection":[{"href":"https:\/\/www.blogseite.com\/geschenke\/wp-json\/wp\/v2\/product"}],"about":[{"href":"https:\/\/www.blogseite.com\/geschenke\/wp-json\/wp\/v2\/types\/product"}],"replies":[{"embeddable":true,"href":"https:\/\/www.blogseite.com\/geschenke\/wp-json\/wp\/v2\/comments?post=10970"}],"wp:featuredmedia":[{"embeddable":true,"href":"https:\/\/www.blogseite.com\/geschenke\/wp-json\/wp\/v2\/media\/10969"}],"wp:attachment":[{"href":"https:\/\/www.blogseite.com\/geschenke\/wp-json\/wp\/v2\/media?parent=10970"}],"wp:term":[{"taxonomy":"product_cat","embeddable":true,"href":"https:\/\/www.blogseite.com\/geschenke\/wp-json\/wp\/v2\/product_cat?post=10970"},{"taxonomy":"product_tag","embeddable":true,"href":"https:\/\/www.blogseite.com\/geschenke\/wp-json\/wp\/v2\/product_tag?post=10970"}],"curies":[{"name":"wp","href":"https:\/\/api.w.org\/{rel}","templated":true}]}}