{"id":10947,"date":"2024-11-01T14:10:41","date_gmt":"2024-11-01T13:10:41","guid":{"rendered":"https:\/\/www.blogseite.com\/geschenke\/s\/originale-selbstverteidigungs-schluesselanhaenger-fuer-damen-persoenlicher-alarm-von-der-polizei-empfohlen-130-db-sirene-led-stroboskoplicht-knallfarben-weiss\/"},"modified":"2024-11-01T14:14:02","modified_gmt":"2024-11-01T13:14:02","slug":"originale-selbstverteidigungs-schluesselanhaenger-fuer-damen-persoenlicher-alarm-von-der-polizei-empfohlen-130-db-sirene-led-stroboskoplicht-knallfarben-weiss","status":"publish","type":"product","link":"https:\/\/www.blogseite.com\/geschenke\/s\/originale-selbstverteidigungs-schluesselanhaenger-fuer-damen-persoenlicher-alarm-von-der-polizei-empfohlen-130-db-sirene-led-stroboskoplicht-knallfarben-weiss\/","title":{"rendered":"Originale Selbstverteidigungs-Schl\u00fcsselanh\u00e4nger f\u00fcr Damen, pers\u00f6nlicher Alarm"},"content":{"rendered":"<div id=\"feature-bullets\" class=\"a-section a-spacing-medium a-spacing-top-small\">\n<hr \/>\n<h1 class=\"a-size-base-plus a-text-bold\">Info zu diesem Artikel<\/h1>\n<ul class=\"a-unordered-list a-vertical a-spacing-mini\">\n<li class=\"a-spacing-mini\"><span class=\"a-list-item\"> Schl\u00fcsselanh\u00e4nger zur Selbstverteidigung, f\u00fcr jeden geeignet: Der pers\u00f6nliche Alarm-Schl\u00fcsselanh\u00e4nger von Thopeb bietet Sicherheit f\u00fcr deine Liebsten! Mit diesem Schl\u00fcsselanh\u00e4nger wirst du bemerkt und bekommst Hilfe, egal in welcher Situation. Wenn du bedroht wirst, aktiviere die Sirene von Thopeb. Es ert\u00f6nt eine laute Sirene und ein blinkendes Stroboskoplicht, um den Angreifer abzulenken und einen Angriff zu verhindern. <\/span><\/li>\n<li class=\"a-spacing-mini\"><span class=\"a-list-item\"> Dein pers\u00f6nliches Sicherheitsger\u00e4t: Hol dir schnell die Hilfe, die du brauchst. Wird h\u00e4ufig von Senioren benutzt, um bei St\u00fcrzen, Unsicherheit, k\u00f6rperlicher Bedrohung, medizinischen Notf\u00e4llen, Unf\u00e4llen oder allergischen Reaktionen Hilfe zu rufen. Ein tolles Geschenk f\u00fcr Eltern, Studenten und alle, die abends arbeiten. Ein wunderbarer Schl\u00fcsselanh\u00e4nger f\u00fcr Damen mit Verteidigungssirene. <\/span><\/li>\n<li class=\"a-spacing-mini\"><span class=\"a-list-item\"> Modernes Design und einfach zu bedienen: Dieser Selbstverteidigungs-Schl\u00fcsselanh\u00e4nger f\u00fcr Damen erfordert keine Ausbildung oder F\u00e4higkeiten, um ihn zu bedienen. Zum Aktivieren einfach den oberen Stift entfernen. Zum Deaktivieren, einfach wieder einsetzen. Der Alarm kann mehrfach verwendet werden. Die Batterien sind austauschbar und halten 40 kontinuierliche Minuten. <\/span><\/li>\n<li class=\"a-spacing-mini\"><span class=\"a-list-item\"> SOS-LED-Leuchte mit Alarm: Erfordert keine Schulung oder Geschicklichkeit zur Bedienung. Ausgestattet mit hochintensiven LED-Leuchten. Extrem laut (weiteste Reichweite bis zu 300 m Entfernung). Haltbarkeit in Milit\u00e4rqualit\u00e4t (wetterfest). Ausgestattet mit einer CR2032-Batterie f\u00fcr Langlebigkeit und lange Lebensdauer. <\/span><\/li>\n<li class=\"a-spacing-mini\"><span class=\"a-list-item\"> Frieden und Liebe: Der Thopeb-Store hat es sich zur Aufgabe gemacht, ein sicheres und effektives Alarmger\u00e4t zur Selbstverteidigung anzubieten. Im Notfall muss das Opfer die M\u00f6glichkeit haben, Hilfe herbeizurufen. Sch\u00fctze dich in einem Moment der Not mit der Selbstverteidigungssirene. <\/span><\/li>\n<\/ul>\n<p><!-- Loading EDP related metadata --><br \/>\n<span class=\"caretnext\">\u203a<\/span> <a id=\"seeMoreDetailsLink\" class=\"a-link-normal\" href=\"#productDetails\"> Weitere Produktdetails <\/a><\/p>\n<\/div>\n","protected":false},"excerpt":{"rendered":"<p>Info zu diesem Artikel Schl\u00fcsselanh\u00e4nger zur Selbstverteidigung, f\u00fcr jeden geeignet: Der pers\u00f6nliche Alarm-Schl\u00fcsselanh\u00e4nger von Thopeb bietet Sicherheit f\u00fcr deine Liebsten! Mit diesem Schl\u00fcsselanh\u00e4nger wirst du bemerkt und bekommst Hilfe, egal in welcher Situation. Wenn du bedroht wirst, aktiviere die Sirene von Thopeb. Es ert\u00f6nt eine laute Sirene und ein blinkendes Stroboskoplicht, um den Angreifer abzulenken [&hellip;]<\/p>\n","protected":false},"featured_media":10946,"comment_status":"open","ping_status":"closed","template":"","meta":[],"product_cat":[1652,814,116,63,45,57,73,1118,294],"product_tag":[],"class_list":{"0":"post-10947","1":"product","2":"type-product","3":"status-publish","4":"has-post-thumbnail","6":"product_cat-werdende-mutter","7":"product_cat-zuhause","8":"product_cat-frauen","9":"product_cat-mutter","10":"product_cat-freundin","11":"product_cat-oma","12":"product_cat-beste-freundin","13":"product_cat--freundin","14":"product_cat--schwester","16":"first","17":"instock","18":"shipping-taxable","19":"product-type-external"},"_links":{"self":[{"href":"https:\/\/www.blogseite.com\/geschenke\/wp-json\/wp\/v2\/product\/10947"}],"collection":[{"href":"https:\/\/www.blogseite.com\/geschenke\/wp-json\/wp\/v2\/product"}],"about":[{"href":"https:\/\/www.blogseite.com\/geschenke\/wp-json\/wp\/v2\/types\/product"}],"replies":[{"embeddable":true,"href":"https:\/\/www.blogseite.com\/geschenke\/wp-json\/wp\/v2\/comments?post=10947"}],"wp:featuredmedia":[{"embeddable":true,"href":"https:\/\/www.blogseite.com\/geschenke\/wp-json\/wp\/v2\/media\/10946"}],"wp:attachment":[{"href":"https:\/\/www.blogseite.com\/geschenke\/wp-json\/wp\/v2\/media?parent=10947"}],"wp:term":[{"taxonomy":"product_cat","embeddable":true,"href":"https:\/\/www.blogseite.com\/geschenke\/wp-json\/wp\/v2\/product_cat?post=10947"},{"taxonomy":"product_tag","embeddable":true,"href":"https:\/\/www.blogseite.com\/geschenke\/wp-json\/wp\/v2\/product_tag?post=10947"}],"curies":[{"name":"wp","href":"https:\/\/api.w.org\/{rel}","templated":true}]}}