{"id":10938,"date":"2024-11-01T13:43:24","date_gmt":"2024-11-01T12:43:24","guid":{"rendered":"https:\/\/www.blogseite.com\/geschenke\/s\/mini-drucker-tiny-printer-t02-mini-drucker-fuer-smartphone-mini-thermodrucker-bluetooth-fotodrucker-aufkleber-drucker-mini-etikettendrucker-fuer-lernen-studiennotizen-anatomische-diagramme-fotos\/"},"modified":"2024-11-01T13:46:40","modified_gmt":"2024-11-01T12:46:40","slug":"mini-drucker-tiny-printer-t02-mini-drucker-fuer-smartphone-mini-thermodrucker-bluetooth-fotodrucker-aufkleber-drucker-mini-etikettendrucker-fuer-lernen-studiennotizen-anatomische-diagramme-fotos","status":"publish","type":"product","link":"https:\/\/www.blogseite.com\/geschenke\/s\/mini-drucker-tiny-printer-t02-mini-drucker-fuer-smartphone-mini-thermodrucker-bluetooth-fotodrucker-aufkleber-drucker-mini-etikettendrucker-fuer-lernen-studiennotizen-anatomische-diagramme-fotos\/","title":{"rendered":"Mini Drucker &#8211; Tiny Printer T02 Mini Drucker f\u00fcr Smartphone"},"content":{"rendered":"<div id=\"feature-bullets\" class=\"a-section a-spacing-medium a-spacing-top-small\">\n<hr \/>\n<h1 class=\"a-size-base-plus a-text-bold\">Info zu diesem Artikel<\/h1>\n<ul class=\"a-unordered-list a-vertical a-spacing-mini\">\n<li class=\"a-spacing-mini\"><span class=\"a-list-item\"> Minidrucker f\u00fcr Alle Sch\u00fcler: Memoking Sticker Maker ist f\u00fcr das Drucken von Lernnotizen, Anatomie Karteikarten, grafische Diagramme f\u00fcr Mathematik, Chemie, Geographie, Physik und Exzerpte. Der Mini-Aufkleberdrucker hilft Sch\u00fclern, Zeit zu sparen. Verwenden Sie die Funktion \u201eScannen\u201c, um Lerngrafiken deutlich zu drucken <\/span><\/li>\n<li class=\"a-spacing-mini\"><span class=\"a-list-item\"> Mini Tintenfrei Drucker: Memoking T02 Taschendrucker ist ein Thermodrucker, Sie k\u00f6nnen direkt mit Memoking T02 Aufkleberpapier ohne Tinte drucken. T02 Aufkleber Maker ist nicht nur f\u00fcr klebrige oder nicht klebrige wei\u00dfes Thermopapier, sondern auch f\u00fcr Farbe und klar transparent Aufkleber Druckerpapier <\/span><\/li>\n<li class=\"a-spacing-mini\"><span class=\"a-list-item\"> Minidrucker f\u00fcr Smartphone und Tablet: Der mobile Mini-Drucker T02 ist mit iOS- und Android-Ger\u00e4ten kompatibel. Kabellose Bluetooth-Ein-Klick-Verbindung innerhalb von 2s in APP (kompatibel mit \u201ePhomemo\u201c APP). T02 Mini-Thermodrucker bietet eine Vielzahl von Schriftarten, Filtereffekte und Themen, die Spa\u00df zu Ihrem Drucken bringt <\/span><\/li>\n<li class=\"a-spacing-mini\"><span class=\"a-list-item\"> Vielseitiger Mini Drucker Aufkleber: T02 Bluetooth-Thermodrucker ist f\u00fcr kleine Unternehmen, To-Do-Liste, Studien- und Arbeitshilfe, Memo, Einkaufsliste, Lieferadresse, Quittung, Firmenlogo, Lesezeichen, Gru\u00dfkarte, Lebens- und Arbeitsplan, Kinderspiele wie Labyrinth, Puzzle, Berechnung, F\u00e4rbung, Alphabet lernen und Kartenerkennung. Sie k\u00f6nnen es f\u00fcr B\u00fcro, Zuhause, Heimwerken, Lernen und mehr verwenden <\/span><\/li>\n<li class=\"a-spacing-mini\"><span class=\"a-list-item\"> Memoking T02 Mini Drucker Aufkleber Macher: T02 mini printer ist tragbar mit 3,39 x 3,39 x 1,42 Zoll, Mini-Palme Gr\u00f6\u00dfe macht T02 Pocket-Drucker leicht zu tragen und zu speichern. Dieser Mini-Aufkleber-Drucker ist f\u00fcr Halloween, Thanksgiving Day, Weihnachten, Geburtstag und Urlaub Geschenk f\u00fcr Familien und Freunde <\/span><\/li>\n<li class=\"a-spacing-mini\"><span class=\"a-list-item\"> Sofort Schwarz und Wei\u00df Mini-Fotodrucker: T02 ist nicht nur ein Aufkleberdrucker, sondern auch ein Thermofotodrucker. Genie\u00dfen Sie es, Ihre Fotos und Bilder \u00fcberall und jederzeit mit diesem Mini-Aufkleber Maker Maschine drucken <\/span><\/li>\n<li class=\"a-spacing-mini\"><span class=\"a-list-item\"> Tiny Printer mit Klebepapier: Der T02 Mini-Etikettendrucker wird mit 3 Rollen Thermopapier geliefert. Sie k\u00f6nnen die Ausdrucke mit einer Schere in Etiketten beliebiger Form und Gr\u00f6\u00dfe schneiden, um alle Ihre Etikettierungsanforderungen zu erf\u00fcllen <\/span><\/li>\n<\/ul>\n<p><!-- Loading EDP related metadata --><br \/>\n<span class=\"caretnext\">\u203a<\/span> <a id=\"seeMoreDetailsLink\" class=\"a-link-normal\" href=\"#productDetails\"> Weitere Produktdetails <\/a><\/p>\n<\/div>\n","protected":false},"excerpt":{"rendered":"<p>Info zu diesem Artikel Minidrucker f\u00fcr Alle Sch\u00fcler: Memoking Sticker Maker ist f\u00fcr das Drucken von Lernnotizen, Anatomie Karteikarten, grafische Diagramme f\u00fcr Mathematik, Chemie, Geographie, Physik und Exzerpte. Der Mini-Aufkleberdrucker hilft Sch\u00fclern, Zeit zu sparen. Verwenden Sie die Funktion \u201eScannen\u201c, um Lerngrafiken deutlich zu drucken Mini Tintenfrei Drucker: Memoking T02 Taschendrucker ist ein Thermodrucker, Sie [&hellip;]<\/p>\n","protected":false},"featured_media":10937,"comment_status":"open","ping_status":"closed","template":"","meta":[],"product_cat":[293,301,292,300,70,299,64],"product_tag":[],"class_list":{"0":"post-10938","1":"product","2":"type-product","3":"status-publish","4":"has-post-thumbnail","6":"product_cat-geschenk-fuer-bruder","7":"product_cat-eltern","8":"product_cat-sohn","9":"product_cat--kollege","10":"product_cat-geschenke-fuer-jeden-anlass","11":"product_cat--chef","12":"product_cat-vater","14":"first","15":"instock","16":"shipping-taxable","17":"product-type-external"},"_links":{"self":[{"href":"https:\/\/www.blogseite.com\/geschenke\/wp-json\/wp\/v2\/product\/10938"}],"collection":[{"href":"https:\/\/www.blogseite.com\/geschenke\/wp-json\/wp\/v2\/product"}],"about":[{"href":"https:\/\/www.blogseite.com\/geschenke\/wp-json\/wp\/v2\/types\/product"}],"replies":[{"embeddable":true,"href":"https:\/\/www.blogseite.com\/geschenke\/wp-json\/wp\/v2\/comments?post=10938"}],"wp:featuredmedia":[{"embeddable":true,"href":"https:\/\/www.blogseite.com\/geschenke\/wp-json\/wp\/v2\/media\/10937"}],"wp:attachment":[{"href":"https:\/\/www.blogseite.com\/geschenke\/wp-json\/wp\/v2\/media?parent=10938"}],"wp:term":[{"taxonomy":"product_cat","embeddable":true,"href":"https:\/\/www.blogseite.com\/geschenke\/wp-json\/wp\/v2\/product_cat?post=10938"},{"taxonomy":"product_tag","embeddable":true,"href":"https:\/\/www.blogseite.com\/geschenke\/wp-json\/wp\/v2\/product_tag?post=10938"}],"curies":[{"name":"wp","href":"https:\/\/api.w.org\/{rel}","templated":true}]}}