{"id":10852,"date":"2024-10-31T13:52:00","date_gmt":"2024-10-31T12:52:00","guid":{"rendered":"https:\/\/www.blogseite.com\/geschenke\/s\/bardeluxe-12-teiliges-cocktail-set-barkeeper-set-bartender-set-750ml-edelstahl-cocktailkshaker-cocktail-mixer-set-cocktail-shaker-set-luxurioeses-cocktail-geschenkset-mit-tasche\/"},"modified":"2024-10-31T13:55:19","modified_gmt":"2024-10-31T12:55:19","slug":"bardeluxe-12-teiliges-cocktail-set-barkeeper-set-bartender-set-750ml-edelstahl-cocktailkshaker-cocktail-mixer-set-cocktail-shaker-set-luxurioeses-cocktail-geschenkset-mit-tasche","status":"publish","type":"product","link":"https:\/\/www.blogseite.com\/geschenke\/s\/bardeluxe-12-teiliges-cocktail-set-barkeeper-set-bartender-set-750ml-edelstahl-cocktailkshaker-cocktail-mixer-set-cocktail-shaker-set-luxurioeses-cocktail-geschenkset-mit-tasche\/","title":{"rendered":"BarDeluxe\u00ae 12-teiliges Cocktail Set | Barkeeper Set"},"content":{"rendered":"<div id=\"feature-bullets\" class=\"a-section a-spacing-medium a-spacing-top-small\">\n<hr \/>\n<h1 class=\"a-size-base-plus a-text-bold\">Info zu diesem Artikel<\/h1>\n<ul class=\"a-unordered-list a-vertical a-spacing-mini\">\n<li class=\"a-spacing-mini\"><span class=\"a-list-item\"> \ud835\udde3\ud835\uddd4\ud835\udde7\ud835\uddd8\ud835\udde1\ud835\udde7\ud835\udddc\ud835\uddd8\ud835\udde5\ud835\udde7\ud835\uddd8\ud835\udde6 \ud835\uddd5\ud835\uddd4\ud835\udde5 \ud835\udded\ud835\udde8\ud835\uddd5\ud835\uddd8\ud835\udddb\ud835\udde2\u0308\ud835\udde5 \u2013 Mit dem BarDeluxe Cocktail Set erh\u00e4ltst Du einen patentierten Messbecher und einen Cocktailst\u00f6\u00dfel mit rutschfesten, gummierten Griffen f\u00fcr optimalen Halt. Zus\u00e4tzlich beinhaltet das Set einen hochwertigen Cocktailshaker, eine Zitronenreibe, 2 Cocktailst\u00e4bchen, 4 Ausgie\u00dfer, eine Eisw\u00fcrfelzange, einen Barl\u00f6ffel und einen multifunktionalen Flaschen\u00f6ffner. <\/span><\/li>\n<li class=\"a-spacing-mini\"><span class=\"a-list-item\"> \ud835\udde3\ud835\uddd8\ud835\udde5\ud835\uddd9\ud835\uddd8\ud835\uddde\ud835\udde7\ud835\uddd8\ud835\udde6 \ud835\uddd5\ud835\uddd4\ud835\udde5\ud835\uddde\ud835\uddd8\ud835\uddd8\ud835\udde3\ud835\uddd8\ud835\udde5 \ud835\udde6\ud835\uddd8\ud835\udde7 \u2013 Unser exklusives Barkeeper Set wurde von einem Industrieproduktdesigner so gestaltet, dass jedes Teil perfekt in Deiner Hand liegt. Damit wird jeder Mixvorgang zu einem Erlebnis, und Deine G\u00e4ste werden von Deinen professionellen Cocktails begeistert sein. Entdecke neue Cocktailrezepte und \u00fcberrasche Deine Freunde mit perfekten Drinks. <\/span><\/li>\n<li class=\"a-spacing-mini\"><span class=\"a-list-item\"> \ud835\udddb\ud835\udde2\ud835\uddd6\ud835\udddb\ud835\uddea\ud835\uddd8\ud835\udde5\ud835\udde7\ud835\udddc\ud835\uddda\ud835\uddd8 \ud835\udde0\ud835\uddd4\ud835\udde7\ud835\uddd8\ud835\udde5\ud835\udddc\ud835\uddd4\ud835\udddf\ud835\udddc\ud835\uddd8\ud835\udde1 \u2013 Der BarDeluxe Shaker ist 100% auslaufsicher, und alle Teile bestehen aus lebensmittelgeeignetem, sp\u00fclmaschinenfestem 304 Edelstahl. Unser Cocktail Shaker Set ist f\u00fcr den dauerhaften Einsatz in Bars und Restaurants konzipiert und wird bereits von vielen Profibarkeepern gesch\u00e4tzt. <\/span><\/li>\n<li class=\"a-spacing-mini\"><span class=\"a-list-item\"> \ud835\udde8\ud835\udde1\ud835\udddc\ud835\uddde\ud835\uddd4\ud835\udde7\ud835\uddd8 \ud835\uddda\ud835\uddd8\ud835\udde6\ud835\uddd6\ud835\udddb\ud835\uddd8\ud835\udde1\ud835\uddde\ud835\udddc\ud835\uddd7\ud835\uddd8\ud835\uddd8 \u2013 Dieses luxuri\u00f6se Bartender Set kommt in einer eleganten Geschenkbox und eignet sich perfekt als exklusives Geschenkset f\u00fcr jeden Anlass. Ob als Geburtstagsgeschenk, Hochzeitsgeschenk oder Einweihungsgeschenk, mit diesem Set liegst Du immer richtig. <\/span><\/li>\n<li class=\"a-spacing-mini\"><span class=\"a-list-item\"> \ud835\uddda\ud835\uddd4\ud835\udde5\ud835\uddd4\ud835\udde1\ud835\udde7\ud835\udddc\ud835\uddd8\ud835\udde5\ud835\udde7\ud835\uddd8 \ud835\udded\ud835\udde8\ud835\uddd9\ud835\udde5\ud835\udddc\ud835\uddd8\ud835\uddd7\ud835\uddd8\ud835\udde1\ud835\udddb\ud835\uddd8\ud835\udddc\ud835\udde7! \u2013 Wir bei BarDeluxe sind \u00fcberzeugt, dass Du unser Cocktail Set lieben wirst. Deshalb bieten wir eine 30-t\u00e4gige Geld-zur\u00fcck-Garantie und eine 2-j\u00e4hrige Herstellergarantie als Ersatzleistung. <\/span><\/li>\n<\/ul>\n<p><!-- Loading EDP related metadata --><\/p>\n<div class=\"a-section aok-hidden\" data-csa-c-content-id=\"voyager-product-details-jumplink\" data-csa-c-slot-id=\"voyager-product-details-jumplink\" data-csa-c-type=\"link\"><span class=\"caretnext\">\u203a<\/span> <a id=\"seeMoreDetailsLink\" class=\"a-link-normal\" href=\"#productDetails\"> Weitere Produktdetails <\/a><\/div>\n<\/div>\n","protected":false},"excerpt":{"rendered":"<p>Info zu diesem Artikel \ud835\udde3\ud835\uddd4\ud835\udde7\ud835\uddd8\ud835\udde1\ud835\udde7\ud835\udddc\ud835\uddd8\ud835\udde5\ud835\udde7\ud835\uddd8\ud835\udde6 \ud835\uddd5\ud835\uddd4\ud835\udde5 \ud835\udded\ud835\udde8\ud835\uddd5\ud835\uddd8\ud835\udddb\ud835\udde2\u0308\ud835\udde5 \u2013 Mit dem BarDeluxe Cocktail Set erh\u00e4ltst Du einen patentierten Messbecher und einen Cocktailst\u00f6\u00dfel mit rutschfesten, gummierten Griffen f\u00fcr optimalen Halt. Zus\u00e4tzlich beinhaltet das Set einen hochwertigen Cocktailshaker, eine Zitronenreibe, 2 Cocktailst\u00e4bchen, 4 Ausgie\u00dfer, eine Eisw\u00fcrfelzange, einen Barl\u00f6ffel und einen multifunktionalen Flaschen\u00f6ffner. \ud835\udde3\ud835\uddd8\ud835\udde5\ud835\uddd9\ud835\uddd8\ud835\uddde\ud835\udde7\ud835\uddd8\ud835\udde6 \ud835\uddd5\ud835\uddd4\ud835\udde5\ud835\uddde\ud835\uddd8\ud835\uddd8\ud835\udde3\ud835\uddd8\ud835\udde5 \ud835\udde6\ud835\uddd8\ud835\udde7 \u2013 Unser exklusives [&hellip;]<\/p>\n","protected":false},"featured_media":10851,"comment_status":"open","ping_status":"closed","template":"","meta":[],"product_cat":[301,292,300,299],"product_tag":[],"class_list":{"0":"post-10852","1":"product","2":"type-product","3":"status-publish","4":"has-post-thumbnail","6":"product_cat-eltern","7":"product_cat-sohn","8":"product_cat--kollege","9":"product_cat--chef","11":"first","12":"instock","13":"shipping-taxable","14":"product-type-external"},"_links":{"self":[{"href":"https:\/\/www.blogseite.com\/geschenke\/wp-json\/wp\/v2\/product\/10852"}],"collection":[{"href":"https:\/\/www.blogseite.com\/geschenke\/wp-json\/wp\/v2\/product"}],"about":[{"href":"https:\/\/www.blogseite.com\/geschenke\/wp-json\/wp\/v2\/types\/product"}],"replies":[{"embeddable":true,"href":"https:\/\/www.blogseite.com\/geschenke\/wp-json\/wp\/v2\/comments?post=10852"}],"wp:featuredmedia":[{"embeddable":true,"href":"https:\/\/www.blogseite.com\/geschenke\/wp-json\/wp\/v2\/media\/10851"}],"wp:attachment":[{"href":"https:\/\/www.blogseite.com\/geschenke\/wp-json\/wp\/v2\/media?parent=10852"}],"wp:term":[{"taxonomy":"product_cat","embeddable":true,"href":"https:\/\/www.blogseite.com\/geschenke\/wp-json\/wp\/v2\/product_cat?post=10852"},{"taxonomy":"product_tag","embeddable":true,"href":"https:\/\/www.blogseite.com\/geschenke\/wp-json\/wp\/v2\/product_tag?post=10852"}],"curies":[{"name":"wp","href":"https:\/\/api.w.org\/{rel}","templated":true}]}}